 -2*c**2 - 13*c - 14. Determine m(-5).
1
Let q(z) = z**2 - 5*z - 11. What is q(6)?
-5
Let b(r) = -15*r - 46. Give b(-4).
14
Let k(t) = -t**2 + 7*t - 6. Determine k(3).
6
Let l(y) = y**2 + y - 2. Give l(5).
28
Let j(b) = 8*b**3 + 3*b**2 - 2*b - 2. Determine j(1).
7
Let f(z) = z**3 - 22*z**2 - 3*z - 52. Give f(22).
-118
Let i(u) = -2*u**2 + 77*u - 158. Give i(36).
22
Let m(w) = w**2 + 12*w + 18. Determine m(-7).
-17
Let u(p) = -p**2 + p + 9. Determine u(-9).
-81
Let g(y) = -y**2 - 4*y - 9. Calculate g(-6).
-21
Let b(h) = h**3 + 6*h**2 + 2*h - 8. Calculate b(-5).
7
Let n(j) = 5*j**3 + j**2 - j - 9. What is n(0)?
-9
Let y(z) = -2*z + 39. Determine y(23).
-7
Let k(u) = -u**2 - 6*u + 13. What is k(-7)?
6
Let y(b) = b**2 - 27*b - 5. Determine y(27).
-5
Let h(p) = p**3 - 2*p**2 - 5*p + 5. Determine h(3).
-1
Let q(t) = -t + 11. Calculate q(14).
-3
Let l(h) = -h + 11. What is l(7)?
4
Let g(q) = -2*q**2 + 18*q - 21. What is g(9)?
-21
Let l(o) = -25*o**3 + o + 1. Determine l(-1).
25
Let c(r) = -12*r + 20. Calculate c(4).
-28
Let s(o) = -102*o**2 - o + 1. What is s(1)?
-102
Let g(l) = 2*l + 6. Give g(-6).
-6
Let m(s) = -2*s**3 + 4*s**2 + 6*s - 1. Calculate m(4).
-41
Let r(j) = 3*j - 4. Determine r(3).
5
Let w(k) = -5*k + 5. Give w(1).
0
Let a(x) = -14*x + 4. Give a(-6).
88
Let b(q) = -6*q**2 - 12*q + 23. Calculate b(3).
-67
Let l(i) = i**3 + 14*i**2 - 16*i + 9. Determine l(-15).
24
Let f(s) = s**2 - 10*s - 16. Determine f(7).
-37
Let p(t) = 2*t**3 - 5*t**2 - 3*t + 6. Calculate p(2).
-4
Let p(w) = -w**3 + 14*w**2 + 15*w + 3. Calculate p(15).
3
Let z(n) = n**2 + 11*n + 7. Determine z(-10).
-3
Let v(a) = -a**3 - 6*a**2 + 6*a + 9. Give v(-6).
-27
Let i(j) = 8*j**2 - 4*j - 4. What is i(-3)?
80
Let u(t) = -t**3 - 7*t**2 + 16*t + 21. What is u(-7)?
-91
Let r(v) = -5*v**2 - 2*v + 1. Determine r(1).
-6
Let o(l) = l**3 - 15*l**2 - 15*l - 21. What is o(16)?
-5
Let i(s) = s - 19. Give i(-11).
-30
Let g(m) = m**2 + 17*m + 76. Calculate g(-8).
4
Let s(u) = u**2 + 7*u + 3. Give s(-6).
-3
Let d(l) = -l**2 - 18*l - 4. Determine d(-17).
13
Let g(w) = w**3 - 3*w - 3. What is g(-2)?
-5
Let j(c) = c**2 - 5*c + 6. Give j(6).
12
Let g(y) = -y**2 + 2*y + 21. Give g(6).
-3
Let i(j) = 9*j - 303. What is i(31)?
-24
Let c(n) = -n**3 - n**2 + 9*n + 3. Calculate c(-4).
15
Let g(t) = 13*t - 8. Give g(-4).
-60
Let d(m) = m + 2. Calculate d(0).
2
Let g(d) = d**3 + 10*d**2 + 5*d + 8. What is g(-9)?
44
Let h(q) = 4*q**2 - 6*q - 11. What is h(-5)?
119
Let v(s) = -13*s - 150. Calculate v(-11).
-7
Let q(n) = -n**3 - 12*n**2 + 15*n - 12. Give q(-13).
-38
Let q(w) = -5*w**2 - 15*w + 1. Calculate q(-4).
-19
Let o(i) = i**3 - 13*i - 2. Calculate o(-4).
-14
Let o(k) = -7*k - 244. What is o(-35)?
1
Let k(f) = 2*f**3 - 16*f**2 - f - 7. Calculate k(8).
-15
Let x(l) = -3*l**2 + l - 2. What is x(3)?
-26
Let b(y) = y**3 - 8*y**2 + 8*y - 5. Give b(5).
-40
Let f(l) = 27*l + 812. Determine f(-30).
2
Let d(h) = 13*h - 64. Calculate d(7).
27
Let a(o) = -o**2 - 14*o + 6. What is a(-9)?
51
Let i(g) = 8*g + 34. Give i(-6).
-14
Let v(j) = j**3 + j**2 - 3*j - 1. Determine v(-3).
-10
Let k(a) = -a**3 - 3*a**2 + 10*a + 11. Give k(-5).
11
Let d(s) = 3*s**3 - 2*s**2 - s. Give d(2).
14
Let l(x) = 7*x - 9. Give l(7).
40
Let n(x) = x**2 - x - 4. Calculate n(6).
26
Let a(w) = w**3 - 16*w**2 - 16*w - 29. What is a(17)?
-12
Let g(k) = -32*k**3 + k**2. Determine g(-1).
33
Let d(i) = -13*i - 48. Give d(-6).
30
Let z(w) = w + 40. Give z(-8).
32
Let w(i) = -i - 1. Determine w(-7).
6
Let d(i) = 42*i + 1. Give d(-1).
-41
Let l(k) = 45*k + 94. Determine l(-5).
-131
Let f(d) = 36*d + 465. What is f(-13)?
-3
Let s(y) = 70*y - 69. Calculate s(1).
1
Let k(q) = 4*q + 87. What is k(-24)?
-9
Let l(o) = -5*o + 13. What is l(7)?
-22
Let q(z) = 3*z**2 + 18*z - 13. Calculate q(-6).
-13
Let o(l) = -l - 11. What is o(-10)?
-1
Let o(j) = -2*j**2 - 9*j - 16. Calculate o(-7).
-51
Let d(h) = -h**3 + h**2 - 22*h. Give d(0).
0
Let c(r) = r**2 + 8*r + 17. Determine c(-9).
26
Let c(k) = -k**2 + 14*k - 47. Give c(6).
1
Let s(g) = -43*g - 29. Give s(-1).
14
Let k(g) = -g**2 - 9*g - 8. What is k(-9)?
-8
Let b(r) = -2*r**3 - 2*r**2 + 5*r + 8. Determine b(-2).
6
Let p(n) = n**3 - 20*n**2 + 35*n + 9. Give p(18).
-9
Let o(v) = v + 16. Determine o(-18).
-2
Let c(h) = -h**3 + 12*h**2 + 31*h - 54. Give c(14).
-12
Let d(j) = j**3 + 5*j**2 - 8*j + 5. Give d(-7).
-37
Let o(v) = 11*v + 162. Determine o(0).
162
Let z(a) = -20*a + 170. Give z(8).
10
Let g(w) = -w**2 + w + 14. Calculate g(0).
14
Let o(i) = i**3 + 5*i**2 + 12*i + 31. What is o(-4)?
-1
Let j(d) = d**2 - 28*d + 41. Determine j(28).
41
Let l(k) = k**3 + 16*k**2 - 8*k + 34. Determine l(-16).
162
Let r(g) = 4*g. Calculate r(-9).
-36
Let z(j) = j**2 + 5*j - 10. Determine z(-8).
14
Let k(h) = h - 5. Determine k(-9).
-14
Let b(l) = l**2 - 32*l + 87. Calculate b(20).
-153
Let d(u) = -u + 3. Determine d(-3).
6
Let y(g) = 3*g**2 + 2*g + 21. Calculate y(0).
21
Let b(y) = -2*y**2 - 16*y - 12. Give b(-10).
-52
Let s(p) = -p**3 + 19*p**2 + 23*p - 60. What is s(20)?
0
Let h(g) = -5*g + 38. Determine h(7).
3
Let h(k) = k**3 - 20*k**2 + 46*k + 82. Calculate h(17).
-3
Let b(l) = -10*l - 16. Give b(-12).
104
Let z(r) = 5*r + 3. Determine z(3).
18
Let y(q) = q**2 + 2*q - 147. Calculate y(10).
-27
Let l(x) = -x**3 + 7*x**2 + 10*x - 20. Give l(8).
-4
Let n(z) = z**2 - 6*z + 20. Calculate n(7).
27
Let x(r) = r**3 + 5*r**2 - r + 5. What is x(-6)?
-25
Let x(w) = -w + 28. Determine x(17).
11
Let u(z) = -z**3 - 11*z**2 - 2*z - 13. Determine u(-11).
9
Let d(f) = -f**3 + 4*f**2 + 8*f - 14. Determine d(2).
10
Let k(d) = -d**3 + 15*d**2 + 14*d + 20. What is k(16)?
-12
Let d(a) = -a**2 - 3*a + 1. Give d(-4).
-3
Let u(f) = -f**3 - 5*f**2 + 6*f + 7. Give u(-5).
-23
Let g(u) = 7*u - 5. Give g(4).
23
Let o(w) = -w**3 + 8*w**2 - w + 7. What is o(8)?
-1
Let n(q) = -q**3 + 3*q**2 + 5*q. Calculate n(5).
-25
Let n(a) = a**2 + 5*a - 1. Determine n(-2).
-7
Let j(y) = -2*y**3 + 19*y**2 - 8*y + 6. Give j(9).
15
Let w(k) = -k + 13. What is w(-14)?
27
Let l(t) = -t**3 + 2*t**2 + 10*t - 22. Determine l(2).
-2
Let q(c) = c**3 - 8*c**2 + 8*c - 5. Calculate q(7).
2
Let w(h) = 2*h**3 + h**2 - 21*h + 19. What is w(1)?
1
Let o(b) = -b - 16. What is o(-6)?
-10
Let b(h) = -11*h + 10. Calculate b(-3).
43
Let t(w) = 2*w + 40. What is t(-17)?
6
Let y(c) = 2*c**3 + 25*c**2 - 17*c - 55. Give y(-13).
-3
Let i(m) = m**3 + 5*m**2 - 7*m + 4. Calculate i(-7).
-45
Let s(u) = 8*u + 161. Give s(-20).
1
Let r(f) = f**2 + 4*f - 14. What is r(-6)?
-2
Let r(v) = v**2 + 3*v. Determine r(-2).
-2
Let z(a) = -7*a + 4. Give z(-3).
25
Let s(a) = a**2 - 2*a. Give s(1).
-1
Let p(h) = -h**2 + 11*h + 3. Calculate p(10).
13
Let p(l) = 2*l**3 - 63*l**2 - 34*l + 77. What is p(32)?
13
Let p(c) = 3*c**2 - 2*c - 34. What is p(-5)?
51
Let a(z) = 7*z + 55. What is a(-7)?
6
Let k(n) = n**2 + 6*n - 4. Calculate k(-5).
-9
Let y(k) = -k**3 - 14*k**2 + 15*k - 6. What is y(-15)?
-6
Let a(t) = t**3 - 6*t**2 - 35*t - 54. Give a(10).
-4
Let d(g) = g**3 + 21*g**2 - 22*g - 14. Give d(-22).
-14
Let q(r) = -5*r**3 - 2*r**2 - 2*r - 1. Determine q(-2).
35
Let o(j) = -17*j - 127. Calculate o(-7).
-8
Let g(l) = 2*l**3 + 2*l**2 + l. Determine g(-1).
-1
Let h(c) = -10*c + 3. Determine h(2).
-17
Let m(b) = 2*b**2. Determine m(-2).
8
Let n(p) = -3*p**2 + 6*p - 3. Give n(4).
-27
Let s(m) = -3*m**3 + 28*m**2 - 11*m + 28. Determine s(9).
10
Let r(j) = -j**2 + 19*j - 6. Determine r(19).
-6
Let m(s) = s - 10. Give m(-14).
-24
Let w(r) = r - 10. Determine w(9).
-1
Let u(y) = 6*y - 234. Determine u(40).
6
Let b(i) = i**3 + 13*i**2 + 13*i + 12. Calculate b(-12).
0
Let j(p) = p**2 + p - 19. What is j(-5)?
1
Let z(v) = -v**3 - 7*v**2 + 27*v - 19. Determine z(-10).
11
Let u(w) = -w**3 + 21*w**2 + 22*w + 9. What is u(22)?
9
Let h(c) = c**3 - 7*c**2 - 14*c + 44. Determine h(8).
-4
Let d(b) = b**3 + 14*b**2 - 32*b - 4. Calculate d(-16).
-4
Let s(h) = 12*h - 153. What is s(13)?
3
Let o(b) = -3*b + 62. Determine o(19).
5
Let k(c) = -c**2 - 15*c + 2. Determine k(-15).
2
Let m(g) = 11*g**3 + g**2 + g + 1. What is m(-1)?
-10
Let v(z) = z**2 + 7*z + 8. Calculate v(-9).
26
Let b(w) = w**3 + 6*w**2 - 5*w + 10. Determine b(-7).
-4
Let f(v) = 2*v**3 + 15*v**2 + 8*v + 7. Determine f(-7).
0
Let v(i) = 80*i + 87. What is v(-1)?
7
Let 